 is divided by 30.
25
What is the remainder when 140202 is divided by 311?
252
Calculate the remainder when 7026783 is divided by 4389.
4383
What is the remainder when 1398054370 is divided by 4057?
4056
What is the remainder when 788208 is divided by 46363?
37
What is the remainder when 7034659 is divided by 3?
1
What is the remainder when 27510046 is divided by 797?
794
Calculate the remainder when 74960 is divided by 74482.
478
Calculate the remainder when 8500771 is divided by 41.
36
Calculate the remainder when 2180437 is divided by 57.
16
Calculate the remainder when 284185 is divided by 4736.
25
What is the remainder when 39475198 is divided by 135189?
10
What is the remainder when 677154 is divided by 637?
23
What is the remainder when 25192792 is divided by 934?
10
What is the remainder when 263884763 is divided by 5356?
5355
Calculate the remainder when 19087625 is divided by 6681.
8
What is the remainder when 236426 is divided by 118171?
84
Calculate the remainder when 68484002 is divided by 47.
20
What is the remainder when 4566292 is divided by 28539?
52
What is the remainder when 549127 is divided by 22871?
223
Calculate the remainder when 60063 is divided by 8431.
1046
Calculate the remainder when 16939 is divided by 15969.
970
What is the remainder when 5397204 is divided by 2212?
2136
Calculate the remainder when 171857571 is divided by 17.
15
What is the remainder when 2646701 is divided by 51896?
5
Calculate the remainder when 38463989 is divided by 2716.
2713
Calculate the remainder when 94198 is divided by 556.
234
Calculate the remainder when 124121 is divided by 1571.
12
Calculate the remainder when 1307268 is divided by 1589.
1110
Calculate the remainder when 561889 is divided by 187083.
640
Calculate the remainder when 2760594 is divided by 258.
252
What is the remainder when 287256058 is divided by 5985?
5983
Calculate the remainder when 1517296 is divided by 514.
482
What is the remainder when 276050 is divided by 190?
170
Calculate the remainder when 92505 is divided by 1323.
1218
Calculate the remainder when 119463663 is divided by 98.
95
Calculate the remainder when 25552 is divided by 376.
360
Calculate the remainder when 851026 is divided by 60.
46
What is the remainder when 9754715 is divided by 526?
45
Calculate the remainder when 528956 is divided by 39.
38
Calculate the remainder when 2869 is divided by 155.
79
What is the remainder when 313543 is divided by 3570?
2953
What is the remainder when 13458013 is divided by 34?
31
What is the remainder when 438986 is divided by 109732?
58
Calculate the remainder when 514598 is divided by 815.
333
Calculate the remainder when 556112048 is divided by 2314.
2312
Calculate the remainder when 582661199 is divided by 48.
47
Calculate the remainder when 1885940 is divided by 5681.
5529
Calculate the remainder when 92923 is divided by 3096.
43
What is the remainder when 425003 is divided by 106244?
27
Calculate the remainder when 486299 is divided by 81044.
35
What is the remainder when 241984 is divided by 3277?
2763
Calculate the remainder when 24143 is divided by 7502.
1637
What is the remainder when 5011510 is divided by 2399?
2398
Calculate the remainder when 15746082 is divided by 2129.
2127
What is the remainder when 1412840 is divided by 88301?
24
What is the remainder when 1293087 is divided by 258615?
12
What is the remainder when 770181 is divided by 51339?
96
Calculate the remainder when 1784784 is divided by 5.
4
What is the remainder when 392601 is divided by 39260?
1
What is the remainder when 17896881 is divided by 1151?
1133
What is the remainder when 524834 is divided by 60?
14
Calculate the remainder when 112374 is divided by 1236.
1134
Calculate the remainder when 31636 is divided by 3162.
16
What is the remainder when 5174060 is divided by 224959?
3
What is the remainder when 131913844 is divided by 2858?
2854
What is the remainder when 9671128 is divided by 893?
831
Calculate the remainder when 196059287 is divided by 19.
16
What is the remainder when 16936615 is divided by 1324?
7
What is the remainder when 54376 is divided by 10650?
1126
Calculate the remainder when 545536 is divided by 219.
7
What is the remainder when 1490069 is divided by 2044?
2037
What is the remainder when 10918230 is divided by 1559746?
8
What is the remainder when 507581 is divided by 39040?
61
Calculate the remainder when 58762 is divided by 3584.
1418
What is the remainder when 5332128 is divided by 2197?
9
Calculate the remainder when 1013835 is divided by 380.
375
Calculate the remainder when 69918 is divided by 69668.
250
Calculate the remainder when 140251 is divided by 13569.
4561
Calculate the remainder when 1876175 is divided by 75.
50
What is the remainder when 1521674 is divided by 7683?
440
Calculate the remainder when 4790156 is divided by 9124.
56
What is the remainder when 41187110 is divided by 102?
20
What is the remainder when 2508688 is divided by 590?
8
Calculate the remainder when 5191552 is divided by 1138.
1134
Calculate the remainder when 26507557 is divided by 252.
181
Calculate the remainder when 28484399 is divided by 578.
559
Calculate the remainder when 69199825 is divided by 4198.
4191
What is the remainder when 45659120 is divided by 34?
10
Calculate the remainder when 2998905 is divided by 230685.
0
Calculate the remainder when 534501 is divided by 9717.
66
What is the remainder when 881162 is divided by 7342?
122
What is the remainder when 12943557 is divided by 28261?
19
What is the remainder when 54530954 is divided by 13632730?
34
What is the remainder when 216668 is divided by 2612?
2484
Calculate the remainder when 70855740 is divided by 14484.
12
What is the remainder when 387027 is divided by 482?
463
What is the remainder when 4510679 is divided by 370?
9
What is the remainder when 151300 is divided by 6566?
282
What is the remainder when 27521158 is divided by 28?
14
Calculate the remainder when 9633972 is divided by 1521.
1479
What is the remainder when 361198 is divided by 410?
398
Calculate the remainder when 1733366 is divided by 1428.
1202
Calculate the remainder when 20179552 is divided by 3981.
3844
Calculate the remainder when 284085586 is divided by 1627.
1624
What is the remainder when 68053 is divided by 17005?
33
What is the remainder when 256095634 is divided by 1711?
1709
What is the remainder when 495600944 is divided by 3479?
3478
What is the remainder when 2783732 is divided by 51545?
302
Calculate the remainder when 17167802 is divided by 77.
36
What is the remainder when 8243 is divided by 2136?
1835
What is the remainder when 145846 is divided by 72356?
1134
What is the remainder when 6559657 is divided by 2186483?
208
What is the remainder when 13091 is divided by 12741?
350
What is the remainder when 662499 is divided by 6972?
159
What is the remainder when 153731 is divided by 3839?
171
What is the remainder when 147166 is divided by 65?
6
What is the remainder when 4156305 is divided by 398?
389
Calculate the remainder when 1082902 is divided by 270723.
10
Calculate the remainder when 17701989 is divided by 693.
690
Calculate the remainder when 3041436 is divided by 165.
156
What is the remainder when 9192401 is divided by 5382?
5327
Calculate the remainder when 30950846 is divided by 1470.
1466
Calculate the remainder when 4586560 is divided by 607.
68
Calculate the remainder when 9344349 is divided by 2542.
2499
What is the remainder when 826693 is divided by 1290?
1093
What is the remainder when 81993 is divided by 3561?
90
What is the remainder when 7371067 is divided by 1453?
1451
What is the remainder when 979025 is divided by 195504?
1505
What is the remainder when 11703449 is divided by 49?
44
What is the remainder when 1236739 is divided by 35329?
224
What is the remainder when 10246072 is divided by 18663?
85
Calculate the remainder when 573456 is divided by 7077.
219
What is the remainder when 1249100 is divided by 52?
8
Calculate the remainder when 57306629 is divided by 235.
234
What is the remainder when 373783 is divided by 5499?
5350
Calculate the remainder when 8450925 is divided by 12.
9
Calculate the remainder when 1485698 is divided by 2404.
26
What is the remainder when 1549965 is di